posite?
True
Let r = 13898 + -7653. Is r a prime number?
False
Let r be 10/(-15) - 26/(-3). Suppose 3*a - r = -2. Suppose -a*u - 745 = -7*u. Is u composite?
False
Let n(g) = -654*g**3 - g**2 - g**2 - 138 + 139. Is n(-1) composite?
False
Is (96/(-80))/(9/(-167235)) a prime number?
False
Let z(x) = -300*x - 23. Is z(-6) a composite number?
False
Let o(h) = h**2 - h + 3. Let i be o(2). Suppose -i*a - 2063 - 11317 = 0. Is 1/(a/(-668) + -4) composite?
False
Suppose 0 = u + 1635 - 4720. Is u a composite number?
True
Let y = -42026 - -59543. Is y a composite number?
True
Let c = -2397 + 6304. Is c composite?
False
Let i = 103 + -65. Is (i + 3541)*(-7)/(-3) a prime number?
False
Suppose -2*r - 5*j + 102 + 98 = 0, r = j + 107. Let i be (-2)/(-4) + r/(-30). Is 233 - (-4 - (3 + i)) prime?
False
Let m = 26 - 38. Let s = 10 + m. Is (-4 - -2 - s) + 37 a prime number?
True
Let d(o) = -o**3 - 2*o. Let t be d(0). Let x(h) = -h**3 + 5*h**2 + 6*h + 7. Let f be x(6). Suppose f = p - t*p. Is p a prime number?
True
Let a(s) = -6*s**2 + 0*s**2 + 11 - 2*s**3 + s**3. Let o be a(-5). Is 4/o + 11058/42 composite?
False
Suppose 0*y + 877 = -y. Let w = -484 - y. Is w a prime number?
False
Suppose -p - 2692 = 4*y - 13959, 3*p - 2*y - 33745 = 0. Is p prime?
True
Let y(w) = -w**2 + w - 1. Let z be y(-2). Let q = z + 11. Suppose -5*b = -q*l + 93, 10 = -2*l - 2*b + 52. Is l prime?
False
Let d(h) = 2*h - 14. Let f be d(9). Suppose j = 4*k - 143, 5*j = k - f*k + 90. Is k prime?
False
Let h(b) = 1. Let i(q) = -49*q**2 + q - 6. Let c(k) = -10*h(k) - 2*i(k). Is c(3) prime?
False
Suppose -23*v + 36*v - 8177 = 0. Is v a composite number?
True
Let b = -100 - -61. Let z = b - -65. Suppose x + z = 3*x. Is x a prime number?
True
Suppose 3 = -x + 11. Suppose -2*n - x = -5*p, 2*p - 6*p + 4 = -n. Suppose 2*b + p*b - 286 = 0. Is b a prime number?
False
Suppose 4*t - 17 = -3*l, -4*l + 21 = -3*t + 8*t. Is (-8)/(l + -3) + 437 composite?
False
Suppose 34*q - 7229 = 77193. Is q composite?
True
Let v be -1 + 27 - 4/(-12)*3. Let m = v - 24. Is m prime?
True
Let m(p) = -1280*p - 77. Is m(-9) composite?
False
Let v = -10 + 18. Suppose 31683 = v*p + 5243. Is p a prime number?
False
Suppose 42302 = 18*n - 786076. Is n a prime number?
True
Suppose -4*w + 2*n = 0, 8 = 3*w + 4*n + 30. Let m(x) = -13*x - 1. Let k(o) = 25*o + 3. Let s(i) = 2*k(i) + 5*m(i). Is s(w) a prime number?
True
Let p(h) = -3*h**3 + 2*h**2 - 29*h - 97. Is p(-24) prime?
True
Suppose 0*r = 4*r - 100. Suppose -3*h + 122 = -r. Is h prime?
False
Let p(v) = -v**2 + 21*v - 3. Let j be p(21). Let l(b) = -289*b + 10. Is l(j) a composite number?
False
Suppose 0 = -17*s + 44*s - 93393. Is s composite?
True
Let r = 3 - 7. Let d be (r/3)/(4/(-6)). Suppose -d*x + x + 169 = 3*o, -4*o = -4*x + 612. Is x prime?
True
Let a(x) be the second derivative of 93*x**4/4 + 5*x**3/6 + 7*x**2/2 + 9*x. Is a(-3) composite?
False
Suppose 5*o - 2*o - 12 = 3*u, -u = 5*o + 10. Is (5 - 3 - -1) + (-3034)/o a composite number?
False
Suppose -7*r = -11*r. Suppose r = 5*o + 25, s + 2*o - 74 - 13 = 0. Is s a composite number?
False
Let a(m) = m + 4. Let h be a(-6). Let w be 5*(519/(-15) + -2). Let l = h - w. Is l a prime number?
True
Suppose -159*w + 17773 = -152*w. Is w a composite number?
False
Let o(s) = 9*s - 10. Suppose -2*y = -4*i + 2, 3*y + 8 = 3*i + 2. Let u be 1 - -9 - (4 + i). Is o(u) composite?
False
Let f(z) = -657*z - 2. Let b be f(-3). Suppose 5*g + 2*h = -h + 4876, -2*g + 5*h = -b. Is g composite?
False
Is (-2800119)/(420/(-20)) + 6*1 prime?
False
Suppose -8*y - 56 = -y. Let z(c) = c**3 + 8*c**2 - 4*c - 1. Is z(y) composite?
False
Suppose 5*w + h + 104 = 0, 5*h = 4*w - 11 + 71. Let x be 2*-1*(-107)/(-2). Let a = w - x. Is a a prime number?
False
Is 293/(-1172) + (-783906)/(-8) + -1 composite?
False
Let u be 0 - ((1 - (0 + -3)) + -6). Suppose 0 = 5*n + 2*c - 335, -63 - 4 = -n - u*c. Is n a composite number?
False
Let f = 1216 + -925. Is f a composite number?
True
Let w(d) = -11 + 75*d + 10 + 13 + 31. Is w(10) composite?
True
Let c = 16784 - 9726. Is c composite?
True
Let c(z) = -698*z**3 + 41*z**2 - 3*z - 1. Is c(-5) a prime number?
True
Let o(s) = 9*s**2 + 12*s + 16. Let q be o(-11). Suppose 5*f + k = 4889, 0 = -5*f + 4*f + k + q. Is f prime?
True
Let b(y) = -159*y - 55*y - 9*y + 3. Is b(-2) a prime number?
True
Let g = -113 + 47. Let y = g - -121. Is y composite?
True
Let j(u) = -u**3 - 5*u**2 - 5*u + 3. Let l be j(-4). Is (l + -4)/(-3) + 1088 a composite number?
False
Suppose 6*j = 17*j - 620059. Is j a composite number?
False
Let w = -40 + 51. Suppose -w*g + 15*g = 0. Suppose g = b - 3*b + 194. Is b a prime number?
True
Suppose -12*k + 48*k = 436932. Is k a prime number?
False
Is (3/12*22)/(17/1258) a composite number?
True
Let z be (-36)/(-27)*9/6. Is 19/57 + z/(12/2290) composite?
True
Is 6/5 - (1 + 456856/(-20)) a composite number?
True
Is (-49359)/(-11) - 212/1166 a prime number?
False
Let o be (-4)/(-4)*(10 + -1). Suppose -4*l = -o*l. Suppose 2*r - 2*j - 1008 = l, 3*j + 514 = r - 0*j. Is r composite?
False
Let l(x) = -6 + 11 - x - 3*x - x + x**3 - 4*x**2. Let y be l(5). Let f(i) = 45*i - 4. Is f(y) a composite number?
True
Let a(i) = -270*i**2 + 8*i + 5. Let l(u) = 180*u**2 - 5*u - 3. Let q(j) = 5*a(j) + 8*l(j). Let f be 2/1 + 5/(-5). Is q(f) prime?
False
Suppose 0 = -4*f - 8*f + 5400. Let s = 973 + f. Is s prime?
True
Let u(i) be the second derivative of -5*i**4/12 - 13*i**3/2 - 9*i**2/2 - 43*i. Is u(-7) prime?
True
Let z be (5 + -2)*-1*-223. Let v = 1534 - z. Is v a prime number?
False
Suppose 30 = 17*q - 12*q. Suppose 0 = -2*i + 3*x + 178, 2*i + 356 = q*i + 3*x. Is i a composite number?
False
Let b be -2*((-7615)/10 + -4). Let l = -852 + b. Is l a prime number?
False
Let l(a) = a**2 - 10*a - 10. Is l(-21) composite?
False
Let n(i) = i**3 - 5*i**2 - 3*i - 3. Let f be n(4). Let z = f + 32. Is (398 + -2)*2 - z prime?
False
Let h(u) = -u**2 + 7*u + 7. Let k be h(-7). Let z = 218 + k. Is z composite?
False
Let m = -136 - -3593. Is m prime?
True
Let y(c) = 916*c + 69. Is y(14) composite?
False
Suppose -658 = -4*s - 10*p + 5*p, -s - p = -165. Is s prime?
True
Let b(m) = -m**3 + 5*m**2 + 1. Let d be b(5). Let a be -284 + -2 + d*-4. Let u = a - -687. Is u a composite number?
False
Suppose 4608 = v - 1745. Is v a composite number?
False
Let k = -13175 + 19498. Is k a composite number?
False
Is 1/(4/(-18) + (-4701)/(-21033)) prime?
False
Let l = -10 - -12. Let w be 3 + (4/4 - l). Is ((-787)/(-2) - 0)*w a prime number?
True
Let j(g) = 1287*g**2 + 447*g**2 + 3*g - 150*g**2 + 152*g**2. Is j(1) composite?
True
Suppose 5*q = -41 + 141. Is (2 + q/(-15))/(2/2733) a prime number?
True
Suppose 7*d - 5263 = 6*d. Is d prime?
False
Let q = -97709 + 153816. Is q composite?
True
Let o(k) = k**2 + 8*k - 19. Let v be o(-10). Let l be v + (2 - 3) + 4. Suppose -s + 30 = -3*h, -l*h = -5*s - 2*h + 189. Is s composite?
True
Let c(w) = 6*w**3 - 8*w**2 + 14*w - 7. Let o be c(10). Suppose k - 2118 = o. Is k a composite number?
False
Let i(s) = s**2 - 8*s - 7. Let c be i(9). Suppose -2*j = c*j. Suppose j = -3*u + 1436 - 143. Is u a prime number?
True
Let q = -5245 + 11452. Suppose -6209 = -5*v + 4*a, -q = 4*v - 9*v + 2*a. Is v a prime number?
False
Suppose -48*f + 278004 = -828. Is f a prime number?
False
Suppose -13590 = -9*y + 5139. Is y a composite number?
False
Let i be 6/((2 + 2)/(-2)) - 0. Let y(r) = 51*r**2 - 6*r - 6. Is y(i) composite?
True
Suppose -7 = -f + 3*h, -4*f + 3*h = 2 - 12. Let d(m) = 291*m**3 - m**2 + 1. Is d(f) prime?
False
Let m = 51811 + -30939. Suppose -2*v - m = -10*v. Is v prime?
True
Let d(t) = -8 - 10*t**2 + t**3 + 5 + 6. Let j be d(10). Suppose -2*u = 4*f - 144, 2*u - 128 + 21 = -j*f. Is f a composite number?
False
Let u(g) = g + 18. Let r be u(-22). Is 297 - (r/1 + 8) composite?
False
Is -9 - (-3 - (-1405)/(-1)) composite?
False
Suppose -h - 4*h + 25 = 0. Suppose h*b - 18 = 2*b. Suppose -b*k + 3*k = -669. Is k a composite number?
False
Suppose -5*m + 11639 = 3*c, -30*m + 29*m = -c + 3885. Is c a prime number?
False
Let h(o) = 68*o - 32. Let t be h(13). Suppose c + c - 207 = -m, 0 = 4*m - 4*c - t. Is m composite?
False
Let m(c) = -c**3 - 13*c**2 - 15*c - 11. Let y be m(-12). Let d = -46 + y. Is d/2*4/(-3) prime?
False
Let t(h) = -42 + 19 - 4*h**3 + 23